{"id":12,"date":"2023-08-02T04:43:19","date_gmt":"2023-08-02T04:43:19","guid":{"rendered":"http:\/\/audiovibe.cl\/?post_type=product&#038;p=12"},"modified":"2024-08-27T23:37:29","modified_gmt":"2024-08-28T03:37:29","slug":"soundpeats-capsule-3-pro","status":"publish","type":"product","link":"https:\/\/audiovibe.cl\/?product=soundpeats-capsule-3-pro","title":{"rendered":"SoundPEATS &#8211; Capsule 3 Pro"},"content":{"rendered":"<p><img data-recalc-dims=\"1\" fetchpriority=\"high\" decoding=\"async\" class=\"aligncenter size-full wp-image-59\" src=\"https:\/\/i0.wp.com\/audiovibe.cl\/wp-content\/uploads\/2023\/08\/Principal.jpeg?resize=640%2C262\" alt=\"\" width=\"640\" height=\"262\" srcset=\"https:\/\/i0.wp.com\/audiovibe.cl\/wp-content\/uploads\/2023\/08\/Principal.jpeg?w=1464&amp;ssl=1 1464w, https:\/\/i0.wp.com\/audiovibe.cl\/wp-content\/uploads\/2023\/08\/Principal.jpeg?resize=300%2C123&amp;ssl=1 300w, https:\/\/i0.wp.com\/audiovibe.cl\/wp-content\/uploads\/2023\/08\/Principal.jpeg?resize=1024%2C420&amp;ssl=1 1024w, https:\/\/i0.wp.com\/audiovibe.cl\/wp-content\/uploads\/2023\/08\/Principal.jpeg?resize=768%2C315&amp;ssl=1 768w, https:\/\/i0.wp.com\/audiovibe.cl\/wp-content\/uploads\/2023\/08\/Principal.jpeg?resize=1320%2C541&amp;ssl=1 1320w, https:\/\/i0.wp.com\/audiovibe.cl\/wp-content\/uploads\/2023\/08\/Principal.jpeg?resize=600%2C246&amp;ssl=1 600w\" sizes=\"(max-width: 640px) 100vw, 640px\" \/><\/p>\n<p><iframe title=\"YouTube video player\" src=\"https:\/\/www.youtube.com\/embed\/kNu_1ZRHcYw\" width=\"700\" height=\"400\" frameborder=\"0\" allowfullscreen=\"allowfullscreen\"><\/iframe><\/p>\n<h5><strong>Caracter\u00edsticas:<\/strong><\/h5>\n<p>&#8211; Sonido de alta definici\u00f3n<br \/>\n&#8211; Cancelaci\u00f3n activa de ruido h\u00edbrida<br \/>\n&#8211; Duraci\u00f3n de hasta 52 horas<br \/>\n&#8211; 6 micr\u00f3fonos para llamadas m\u00e1s claras<br \/>\n&#8211; Baja latencia de 70 ms con Modo Juego<br \/>\n&#8211; Bluetooth 5.3<br \/>\n&#8211; Control t\u00e1ctil<br \/>\n&#8211; Cargador Tipo C<br \/>\n&#8211; LDAC Audio Codec<br \/>\n&#8211; 12 mm Driver<\/p>\n<h5><strong>\u00bfQu\u00e9 incluye?<\/strong><\/h5>\n<p>&#8211; 2 aud\u00edfonos<br \/>\n&#8211; Estuche de carga<br \/>\n&#8211; Cable de carga Tipo C<br \/>\n&#8211; Gomas de tama\u00f1os S, M y L<br \/>\n&#8211; Manual de usuario<\/p>\n<p><strong>Experiencia Auditiva de Hi-Res: <\/strong>Con la certificaci\u00f3n de audio de alta resoluci\u00f3n, Capsule3 Pro ofrece una experiencia de sonido notable para el oyente exigente que desea m\u00e1s de su m\u00fasica. Ponte en el centro del sonido envolvente 3D para una inmersi\u00f3n fuera de este mundo en pel\u00edculas y juegos.<\/p>\n<p><strong>Tecnolog\u00eda LDAC: <\/strong>En comparaci\u00f3n con el c\u00f3dec Bluetooth est\u00e1ndar, LDAC puede transmitir 3 veces m\u00e1s datos, y la calidad de sonido de los auriculares inal\u00e1mbricos es m\u00e1s detallada y rica, restaurando con precisi\u00f3n el verdadero color de la m\u00fasica.<\/p>\n<p><strong>Tecnolog\u00eda ANC h\u00edbrida: <\/strong>La profundidad de cancelaci\u00f3n de ruido activa h\u00edbrida puede alcanzar hasta 43dB.<\/p>\n<p><strong>52 horas en total: <\/strong>8 horas de reproducci\u00f3n con una sola carga, 52 horas en total con el estuche de carga.<\/p>\n<p><strong>Bluetooth 5.3: <\/strong>Con la \u00faltima tecnolog\u00eda Bluetooth5.3 actualizada, garantiza una conexi\u00f3n y transmisi\u00f3n m\u00e1s estables<\/p>\n<h6><em>*Compatible con iPhone, Android y cualquier dispositivo que soporte conexi\u00f3n Bluetooth.<\/em><\/h6>\n\n","protected":false},"excerpt":{"rendered":"<p>El aud\u00edfono m\u00e1s vendido de la marca SoundPEATS<\/p>\n","protected":false},"featured_media":162,"comment_status":"open","ping_status":"closed","template":"","meta":[],"product_cat":[23],"product_tag":[17,18,21,20,16,19],"class_list":{"0":"post-12","1":"product","2":"type-product","3":"status-publish","4":"has-post-thumbnail","6":"product_cat-in-ear","7":"product_tag-audifonos","8":"product_tag-bluetooth","9":"product_tag-capsule3pro","10":"product_tag-inalambricos","11":"product_tag-soundpeats","12":"product_tag-wireless","13":"product_brand-soundpeats","15":"first","16":"instock","17":"shipping-taxable","18":"purchasable","19":"product-type-variable","20":"has-default-attributes"},"yoast_head":"<!-- This site is optimized with the Yoast SEO plugin v23.9 - https:\/\/yoast.com\/wordpress\/plugins\/seo\/ -->\n<title>SoundPEATS - Capsule 3 Pro - Audio Vibe<\/title>\n<meta name=\"robots\" content=\"index, follow, max-snippet:-1, max-image-preview:large, max-video-preview:-1\" \/>\n<link rel=\"canonical\" href=\"https:\/\/audiovibe.cl\/?product=soundpeats-capsule-3-pro\" \/>\n<meta property=\"og:locale\" content=\"es_ES\" \/>\n<meta property=\"og:type\" content=\"article\" \/>\n<meta property=\"og:title\" content=\"SoundPEATS - Capsule 3 Pro - Audio Vibe\" \/>\n<meta property=\"og:description\" content=\"El aud\u00edfono m\u00e1s vendido de la marca SoundPEATS\" \/>\n<meta property=\"og:url\" content=\"https:\/\/audiovibe.cl\/?product=soundpeats-capsule-3-pro\" \/>\n<meta property=\"og:site_name\" content=\"Audio Vibe\" \/>\n<meta property=\"article:modified_time\" content=\"2024-08-28T03:37:29+00:00\" \/>\n<meta property=\"og:image\" content=\"http:\/\/audiovibe.cl\/wp-content\/uploads\/2023\/08\/Capsule-3-Pro-Black.png\" \/>\n\t<meta property=\"og:image:width\" content=\"1080\" \/>\n\t<meta property=\"og:image:height\" content=\"1080\" \/>\n\t<meta property=\"og:image:type\" content=\"image\/png\" \/>\n<meta name=\"twitter:card\" content=\"summary_large_image\" \/>\n<meta name=\"twitter:label1\" content=\"Tiempo estimado de lectura\" \/>\n\t<meta name=\"twitter:data1\" content=\"1 minuto\" \/>\n<script type=\"application\/ld+json\" class=\"yoast-schema-graph\">{\"@context\":\"https:\/\/schema.org\",\"@graph\":[{\"@type\":\"WebPage\",\"@id\":\"https:\/\/audiovibe.cl\/?product=soundpeats-capsule-3-pro\",\"url\":\"https:\/\/audiovibe.cl\/?product=soundpeats-capsule-3-pro\",\"name\":\"SoundPEATS - Capsule 3 Pro - Audio Vibe\",\"isPartOf\":{\"@id\":\"https:\/\/audiovibe.cl\/#website\"},\"primaryImageOfPage\":{\"@id\":\"https:\/\/audiovibe.cl\/?product=soundpeats-capsule-3-pro#primaryimage\"},\"image\":{\"@id\":\"https:\/\/audiovibe.cl\/?product=soundpeats-capsule-3-pro#primaryimage\"},\"thumbnailUrl\":\"https:\/\/i0.wp.com\/audiovibe.cl\/wp-content\/uploads\/2023\/08\/Capsule-3-Pro-Black.png?fit=1080%2C1080&ssl=1\",\"datePublished\":\"2023-08-02T04:43:19+00:00\",\"dateModified\":\"2024-08-28T03:37:29+00:00\",\"breadcrumb\":{\"@id\":\"https:\/\/audiovibe.cl\/?product=soundpeats-capsule-3-pro#breadcrumb\"},\"inLanguage\":\"es-CL\",\"potentialAction\":[{\"@type\":\"ReadAction\",\"target\":[\"https:\/\/audiovibe.cl\/?product=soundpeats-capsule-3-pro\"]}]},{\"@type\":\"ImageObject\",\"inLanguage\":\"es-CL\",\"@id\":\"https:\/\/audiovibe.cl\/?product=soundpeats-capsule-3-pro#primaryimage\",\"url\":\"https:\/\/i0.wp.com\/audiovibe.cl\/wp-content\/uploads\/2023\/08\/Capsule-3-Pro-Black.png?fit=1080%2C1080&ssl=1\",\"contentUrl\":\"https:\/\/i0.wp.com\/audiovibe.cl\/wp-content\/uploads\/2023\/08\/Capsule-3-Pro-Black.png?fit=1080%2C1080&ssl=1\",\"width\":1080,\"height\":1080},{\"@type\":\"BreadcrumbList\",\"@id\":\"https:\/\/audiovibe.cl\/?product=soundpeats-capsule-3-pro#breadcrumb\",\"itemListElement\":[{\"@type\":\"ListItem\",\"position\":1,\"name\":\"Portada\",\"item\":\"https:\/\/audiovibe.cl\/\"},{\"@type\":\"ListItem\",\"position\":2,\"name\":\"Tienda\",\"item\":\"https:\/\/audiovibe.cl\/?page_id=6\"},{\"@type\":\"ListItem\",\"position\":3,\"name\":\"SoundPEATS &#8211; Capsule 3 Pro\"}]},{\"@type\":\"WebSite\",\"@id\":\"https:\/\/audiovibe.cl\/#website\",\"url\":\"https:\/\/audiovibe.cl\/\",\"name\":\"Audio Vibe\",\"description\":\"Tu tienda de aud\u00edfonos\",\"publisher\":{\"@id\":\"https:\/\/audiovibe.cl\/#organization\"},\"potentialAction\":[{\"@type\":\"SearchAction\",\"target\":{\"@type\":\"EntryPoint\",\"urlTemplate\":\"https:\/\/audiovibe.cl\/?s={search_term_string}\"},\"query-input\":{\"@type\":\"PropertyValueSpecification\",\"valueRequired\":true,\"valueName\":\"search_term_string\"}}],\"inLanguage\":\"es-CL\"},{\"@type\":\"Organization\",\"@id\":\"https:\/\/audiovibe.cl\/#organization\",\"name\":\"Audio Vibe SpA\",\"url\":\"https:\/\/audiovibe.cl\/\",\"logo\":{\"@type\":\"ImageObject\",\"inLanguage\":\"es-CL\",\"@id\":\"https:\/\/audiovibe.cl\/#\/schema\/logo\/image\/\",\"url\":\"https:\/\/i0.wp.com\/audiovibe.cl\/wp-content\/uploads\/2023\/09\/Vibe-1.png?fit=149%2C64&ssl=1\",\"contentUrl\":\"https:\/\/i0.wp.com\/audiovibe.cl\/wp-content\/uploads\/2023\/09\/Vibe-1.png?fit=149%2C64&ssl=1\",\"width\":149,\"height\":64,\"caption\":\"Audio Vibe SpA\"},\"image\":{\"@id\":\"https:\/\/audiovibe.cl\/#\/schema\/logo\/image\/\"},\"sameAs\":[\"http:\/\/instagram.com\/audiovibecl\/\"]}]}<\/script>\n<!-- \/ Yoast SEO plugin. -->","yoast_head_json":{"title":"SoundPEATS - Capsule 3 Pro - Audio Vibe","robots":{"index":"index","follow":"follow","max-snippet":"max-snippet:-1","max-image-preview":"max-image-preview:large","max-video-preview":"max-video-preview:-1"},"canonical":"https:\/\/audiovibe.cl\/?product=soundpeats-capsule-3-pro","og_locale":"es_ES","og_type":"article","og_title":"SoundPEATS - Capsule 3 Pro - Audio Vibe","og_description":"El aud\u00edfono m\u00e1s vendido de la marca SoundPEATS","og_url":"https:\/\/audiovibe.cl\/?product=soundpeats-capsule-3-pro","og_site_name":"Audio Vibe","article_modified_time":"2024-08-28T03:37:29+00:00","og_image":[{"width":1080,"height":1080,"url":"http:\/\/audiovibe.cl\/wp-content\/uploads\/2023\/08\/Capsule-3-Pro-Black.png","type":"image\/png"}],"twitter_card":"summary_large_image","twitter_misc":{"Tiempo estimado de lectura":"1 minuto"},"schema":{"@context":"https:\/\/schema.org","@graph":[{"@type":"WebPage","@id":"https:\/\/audiovibe.cl\/?product=soundpeats-capsule-3-pro","url":"https:\/\/audiovibe.cl\/?product=soundpeats-capsule-3-pro","name":"SoundPEATS - Capsule 3 Pro - Audio Vibe","isPartOf":{"@id":"https:\/\/audiovibe.cl\/#website"},"primaryImageOfPage":{"@id":"https:\/\/audiovibe.cl\/?product=soundpeats-capsule-3-pro#primaryimage"},"image":{"@id":"https:\/\/audiovibe.cl\/?product=soundpeats-capsule-3-pro#primaryimage"},"thumbnailUrl":"https:\/\/i0.wp.com\/audiovibe.cl\/wp-content\/uploads\/2023\/08\/Capsule-3-Pro-Black.png?fit=1080%2C1080&ssl=1","datePublished":"2023-08-02T04:43:19+00:00","dateModified":"2024-08-28T03:37:29+00:00","breadcrumb":{"@id":"https:\/\/audiovibe.cl\/?product=soundpeats-capsule-3-pro#breadcrumb"},"inLanguage":"es-CL","potentialAction":[{"@type":"ReadAction","target":["https:\/\/audiovibe.cl\/?product=soundpeats-capsule-3-pro"]}]},{"@type":"ImageObject","inLanguage":"es-CL","@id":"https:\/\/audiovibe.cl\/?product=soundpeats-capsule-3-pro#primaryimage","url":"https:\/\/i0.wp.com\/audiovibe.cl\/wp-content\/uploads\/2023\/08\/Capsule-3-Pro-Black.png?fit=1080%2C1080&ssl=1","contentUrl":"https:\/\/i0.wp.com\/audiovibe.cl\/wp-content\/uploads\/2023\/08\/Capsule-3-Pro-Black.png?fit=1080%2C1080&ssl=1","width":1080,"height":1080},{"@type":"BreadcrumbList","@id":"https:\/\/audiovibe.cl\/?product=soundpeats-capsule-3-pro#breadcrumb","itemListElement":[{"@type":"ListItem","position":1,"name":"Portada","item":"https:\/\/audiovibe.cl\/"},{"@type":"ListItem","position":2,"name":"Tienda","item":"https:\/\/audiovibe.cl\/?page_id=6"},{"@type":"ListItem","position":3,"name":"SoundPEATS &#8211; Capsule 3 Pro"}]},{"@type":"WebSite","@id":"https:\/\/audiovibe.cl\/#website","url":"https:\/\/audiovibe.cl\/","name":"Audio Vibe","description":"Tu tienda de aud\u00edfonos","publisher":{"@id":"https:\/\/audiovibe.cl\/#organization"},"potentialAction":[{"@type":"SearchAction","target":{"@type":"EntryPoint","urlTemplate":"https:\/\/audiovibe.cl\/?s={search_term_string}"},"query-input":{"@type":"PropertyValueSpecification","valueRequired":true,"valueName":"search_term_string"}}],"inLanguage":"es-CL"},{"@type":"Organization","@id":"https:\/\/audiovibe.cl\/#organization","name":"Audio Vibe SpA","url":"https:\/\/audiovibe.cl\/","logo":{"@type":"ImageObject","inLanguage":"es-CL","@id":"https:\/\/audiovibe.cl\/#\/schema\/logo\/image\/","url":"https:\/\/i0.wp.com\/audiovibe.cl\/wp-content\/uploads\/2023\/09\/Vibe-1.png?fit=149%2C64&ssl=1","contentUrl":"https:\/\/i0.wp.com\/audiovibe.cl\/wp-content\/uploads\/2023\/09\/Vibe-1.png?fit=149%2C64&ssl=1","width":149,"height":64,"caption":"Audio Vibe SpA"},"image":{"@id":"https:\/\/audiovibe.cl\/#\/schema\/logo\/image\/"},"sameAs":["http:\/\/instagram.com\/audiovibecl\/"]}]}},"jetpack_sharing_enabled":true,"_links":{"self":[{"href":"https:\/\/audiovibe.cl\/index.php?rest_route=\/wp\/v2\/product\/12","targetHints":{"allow":["GET"]}}],"collection":[{"href":"https:\/\/audiovibe.cl\/index.php?rest_route=\/wp\/v2\/product"}],"about":[{"href":"https:\/\/audiovibe.cl\/index.php?rest_route=\/wp\/v2\/types\/product"}],"replies":[{"embeddable":true,"href":"https:\/\/audiovibe.cl\/index.php?rest_route=%2Fwp%2Fv2%2Fcomments&post=12"}],"wp:featuredmedia":[{"embeddable":true,"href":"https:\/\/audiovibe.cl\/index.php?rest_route=\/wp\/v2\/media\/162"}],"wp:attachment":[{"href":"https:\/\/audiovibe.cl\/index.php?rest_route=%2Fwp%2Fv2%2Fmedia&parent=12"}],"wp:term":[{"taxonomy":"product_cat","embeddable":true,"href":"https:\/\/audiovibe.cl\/index.php?rest_route=%2Fwp%2Fv2%2Fproduct_cat&post=12"},{"taxonomy":"product_tag","embeddable":true,"href":"https:\/\/audiovibe.cl\/index.php?rest_route=%2Fwp%2Fv2%2Fproduct_tag&post=12"}],"curies":[{"name":"wp","href":"https:\/\/api.w.org\/{rel}","templated":true}]}}